{"id":94,"date":"2017-07-15T16:49:39","date_gmt":"2017-07-15T16:49:39","guid":{"rendered":"http:\/\/viviconilcuore2019.it\/?page_id=94"},"modified":"2019-02-27T17:30:41","modified_gmt":"2019-02-27T17:30:41","slug":"fonti","status":"publish","type":"page","link":"https:\/\/test.cristianomichelangeli.com\/vivi2019\/fonti\/","title":{"rendered":"Fonti"},"content":{"rendered":"<p>1.\tA.S. Jaffe, L. Babuin e F.S. Apple, Biomarkers in acute cardiac disease: the present and the future in J. Am. Coll. Cardiol., vol. 48, n\u00ba 1, luglio 2006<br \/>\n2.\tAmerican Heart Association: WARNING SIGNS OF HEART ATTACK, STROKE &#038; CARDIAC ARREST<br \/>\n3.\tAssociazioni dei cardiopatici, Il RITARDO EVITABILE: 15 anni dopo<br \/>\n4.\tBertram G. Katzung, Farmacologia generale e clinica, Padova, Piccin, 2006, p. 188, ISBN 88-299-1804-0.<br \/>\n5.\tBrunton, Lazo, Parker, Goodman &#038; Gilman &#8211; Le basi farmacologiche della terapia 11\/ed, McGraw Hill, 2006, ISBN 978-88-386-3911-1.<br \/>\n6.\tC. Donfrancesco, L. Palmieri; MT. Cooney; D. Vanuzzo; S. Panico; G. Cesana; M. Ferrario; L. Pilotto; IM. Graham; S. Giampaoli, Italian cardiovascular mortality charts of the CUORE project: are they comparable with the SCORE charts? in Eur J Cardiovasc Prev Rehabil, vol. 17, n\u00ba 4, agosto 2010, pp. 403-9, DOI:10.1097\/HJR.0b013e328334ea70, PMID 20351552<br \/>\n7.\tD. Fontana et al., IL RITARDO EVITABILE NEL PAZIENTE CON INFARTO MIOCARDICO ACUTO:I RISULTATI. (PDF), 2010.<br \/>\n8.\tDaniele Bracchetti, Guadagna RF, Calmieri M, Le aritmie cardiache clinica, terapia medica e invasiva terza edizione pagina 221, Padova, Piccin, 1999, ISBN 88-299-1378-2.<br \/>\n9.\tESC Guidelines in Myocardial Revascularisation. European Heart Journal (2014); 35(37):2541-619 &#8211; doi:10.1093\/eurheartj\/ehu278<br \/>\n10.\tEttore Bartoli, Medicina Interna: Metodologia, Semeiotica, Fisiopatologia, Clinica, Terapia Medica, Genova, Restless Architect of Human Possibilities sas (R.A.H.P.sas), 2010<br \/>\n11.\tEur Heart J, vol. 32, n\u00ba 1, gennaio 2011, pp. 75-83, DOI:10.1093\/eurheartj\/ehq370, PMID 20971747 12.\tEuropean guidelines on cardiovascular disease prevention in clinical practice (version 2012). The Fifth Joint Task Force of the European Society of Cardiology and Other Societies on Cardiovascular Disease Prevention in Clinical Practice (constituted by representatives of nine societies and by invited experts). Eur Heart J 2012;33:1635-701. 13.\tFaisal A. Arain, et al. Sex\/Gender Medicine The Biological Basis for Personalized Care in Cardiovascular Med Circ J 2009 October; 73(10): 1774-1782.<br \/>\n14.\tFederazione Italiana di Cardiologia &#8211; www.federcardio.it<br \/>\n15.\tFondazione Italiana Cuore e Circolazione &#8211; www.fondazioneitalianacuorecircolazione.it<br \/>\n16.\tGrundy SM, Brewer HB Jr, Cleeman JL, Smith SC Jr, Lenfrant C. American Heart Association; National Heart, Lung, and Blood Institute. Definition of metabolic syndrome: report of the National Heart, Lung, and Blood Institute\/ American Heart Association conference on scientific issues related to definition . 2004, 109, 433-438<br \/>\n17.\tGruppo di Ricerca del Progetto Registro per gli Eventi Coronarici e Cerebrovascolari. Registro nazionale italiano degli eventi coronarici maggiori: tassi di attacco e letalit\u00e0 nelle diverse aree del paese. Ital Heart J 2005<br \/>\n18.\tH.G. Mather et al., Acute myocardial infarction: home and hospital treatment in Br Med J, vol. 3, n\u00ba 5770, agosto 1971, pp. 334\u2013338, PMC 1798627, PMID 5558187 20.\tH.M. Lakka, The metabolic syndrome and total and cardiovascular disease mortality in middle-aged men in JAMA, vol. 288, 2002, p. 2709.<br \/>\n19.\tHarvard Medical School website &#8211; www.health.harvard.edu<br \/>\n20.\tI. Adler, I. M. Stratton, H. A. Neil; et al, Association of systolic blood pressure with macrovascular and microvascular complications of type 2 diabetes (UKPDS 36): prospective observational study in BMJ, vol. 321, 2000, pp. 412-419<br \/>\n21.\tIl Cuore delle Donne, Gruppo di Lavoro della Societ\u00e0 Italiana di Cardiologia 2007<br \/>\n22.\tIstituto Superiore di Sanit\u00e0 \u2013 Progetto Cuore &#8211; www.cuore.iss.it<br \/>\n23.\tK Thygesen e J.S. Alpert, Myocardial infarction redefined&#8211;a consensus document of The Joint European Society of Cardiology\/American College of Cardiology Committee for the redefinition of myocardial infarction in Eur. Heart J., vol. 21, n\u00ba 18, settembre 2000, pp. 1502\u201313, DOI:10.1053\/euhj.2000.2305, PMID 10973764<br \/>\n24.\tK Thygesen, J.S. Alpert e H.D. White, Universal definition of myocardial infarction in Eur. Heart J., vol. 28, n\u00ba 20, ottobre 2007<br \/>\n25.\tL. Raffo et al., IL RITARDO EVITABILE NELL&#8217;INFARTO MIOCARDICO ACUTO: L\u2019INFORMAZIONE AI CITTADINI (PDF), 2010.<br \/>\n26.\tLeuzzi C, Sangiorgi GM, Modena MG. Gender-specific aspects in the clinical presentation of cardiovascular disease. Fundam Clin Pharmacol 2010 Sep 14. doi: 10.1111\/j.1472-8206.2010.00873.x.<br \/>\n27.\tM. Sclavo, Cardiovascular risk factors and prevention in women: similarities and differences in Ital Heart J Suppl, vol. 2, n\u00ba 2, febbraio 2001<br \/>\n28.\tMinistero della Salute \u2013 Linee Guida per la prevenzione dell\u2019aterosclerosi, 2004<br \/>\n29.\tMinistero della Salute \u2013 Relazione sullo stato sanitario del Paese \u2013 www.rssp.salute.gov.it<br \/>\n30.\tModena MG, Volpe M. Prevenzione dell\u2019infarto miocardico nella donna. Documento del Gruppo di lavoro SIPREC 2009.<br \/>\n31.\tNational Heart, Lung and Blood Institute \u2013 U.S. Department of Health &#038; Human Services<br \/>\n32.\tO. Nyg\u00e5rd, SE. Vollset; H. Refsum; I. Stensvold; A. Tverdal; JE. Nordrehaug; M. Ueland; G. Kv\u00e5le, Total plasma homocysteine and cardiovascular risk profile. The Hordaland Homocysteine Study. in JAMA, vol. 274, n\u00ba 19, Nov 1995, pp. 1526-33, PMID 7474221<br \/>\n33.\tOsservatorio Epidemiologico Cardiovascolare Italiano. Ital Heart J 2004<br \/>\n34.\tPatrizia Presbitero, Il cuore della donna, Milano, One Global Medicine, 2014<br \/>\n35.\tPsaty BM, Smith NS, Siscovick DS, Esisti clinici associati alle terapie antipertensive utilizzate come prima scelta. Rassegna sistematica e meta-analisi. in Jama (edizione italiana), vol. 9, 1997, pp. 292-302.<br \/>\n36.\tRB. D&#8217;Agostino, RS. Vasan; MJ. Pencina; PA. Wolf; M. Cobain; JM. Massaro; WB. Kannel, General cardiovascular risk profile for use in primary care: the Framingham Heart Study. in Circulation, vol. 117, n\u00ba 6, febbraio 2008, pp. 743-53, DOI:10.1161\/CIRCULATIONAHA.107.699579, PMID 18212285<br \/>\n37.\tRM. Conroy, K. Py\u00f6r\u00e4l\u00e4; AP. Fitzgerald; S. Sans; A. Menotti; G. De Backer; D. De Bacquer; P. Ducimeti\u00e8re; P. Jousilahti; U. Keil; I. Nj\u00f8lstad, Estimation of ten-year risk of fatal cardiovascular disease in Europe: the SCORE project. in Eur Heart J, vol. 24, n\u00ba 11, giugno 2003, pp. 987-1003, PMID 12788299.<br \/>\n38.\tS Mendis et al., World Health Organization definition of myocardial infarction: 2008-09 revision in Int J Epidemiol, vol. 40, n\u00ba 1, febbraio 2011<br \/>\n39.\tSara Princivalle, Strategie ed interventi per la prevenzione delle malattie cardiovascolari, 2013.<br \/>\n40.\tSociet\u00e0 Italiana di Cardiologia &#8211; www.sicardiologia.it\/Sito<br \/>\n41.\tWork Package 6 &#8211; WP6 Progetto EuroHeart. European Heart Network e Societ\u00e0 Europea di Cardiologia<br \/>\n42.\tWorld Health Organization: Joint WHO\/FAO expert consultation on diet, nutrition and the prevention of chronic diseases, Report No. 916, 2002.<br \/>\n43.\tWorld Health Report 2002: Reducing risks, promoting healty life, Ginevra, 2002<br \/>\n44.\tWorld Heart Federation 2013<br \/>\n45.\tY. Harano, M. Suzuki, Y. Koyama, et al, Multifactorial insulinresistance and clinical impact in hypertension and cardiovascular diseases in J Diabetes Complications, vol. 16, 2002, pp. 19-23.<\/p>\n","protected":false},"excerpt":{"rendered":"<p>1. A.S. Jaffe, L. Babuin e F.S. Apple, Biomarkers in acute cardiac disease: the present and the future in J. Am. Coll. Cardiol., vol. 48, n\u00ba 1, luglio 2006 2. American Heart Association: WARNING SIGNS OF HEART ATTACK, STROKE &#038; CARDIAC ARREST 3. Associazioni dei cardiopatici, Il RITARDO EVITABILE: 15 anni dopo 4. Bertram G.<\/p>\n","protected":false},"author":2,"featured_media":0,"parent":0,"menu_order":0,"comment_status":"closed","ping_status":"closed","template":"","meta":[],"_links":{"self":[{"href":"https:\/\/test.cristianomichelangeli.com\/vivi2019\/wp-json\/wp\/v2\/pages\/94"}],"collection":[{"href":"https:\/\/test.cristianomichelangeli.com\/vivi2019\/wp-json\/wp\/v2\/pages"}],"about":[{"href":"https:\/\/test.cristianomichelangeli.com\/vivi2019\/wp-json\/wp\/v2\/types\/page"}],"author":[{"embeddable":true,"href":"https:\/\/test.cristianomichelangeli.com\/vivi2019\/wp-json\/wp\/v2\/users\/2"}],"replies":[{"embeddable":true,"href":"https:\/\/test.cristianomichelangeli.com\/vivi2019\/wp-json\/wp\/v2\/comments?post=94"}],"version-history":[{"count":5,"href":"https:\/\/test.cristianomichelangeli.com\/vivi2019\/wp-json\/wp\/v2\/pages\/94\/revisions"}],"predecessor-version":[{"id":3039,"href":"https:\/\/test.cristianomichelangeli.com\/vivi2019\/wp-json\/wp\/v2\/pages\/94\/revisions\/3039"}],"wp:attachment":[{"href":"https:\/\/test.cristianomichelangeli.com\/vivi2019\/wp-json\/wp\/v2\/media?parent=94"}],"curies":[{"name":"wp","href":"https:\/\/api.w.org\/{rel}","templated":true}]}}