{"id":189,"date":"2017-07-16T13:56:08","date_gmt":"2017-07-16T13:56:08","guid":{"rendered":"http:\/\/viviconilcuore2019.it\/?page_id=189"},"modified":"2019-02-27T15:32:23","modified_gmt":"2019-02-27T15:32:23","slug":"il-cuore-delle-donne","status":"publish","type":"page","link":"https:\/\/test.cristianomichelangeli.com\/vivi2019\/che-cosa-dovresti-sapere\/il-cuore-delle-donne\/","title":{"rendered":"Il Cuore delle Donne"},"content":{"rendered":"<article>\n<section>\n<div class=\"row\">\n<div class=\"col-md-12\">\n<p class=\"lead\">La menopausa \u00e8 uno spartiacque nella vita della donna che segna importanti cambiamenti biologici. Fino alla menopausa le donne sono aiutate dalla protezione ormonale &#8211; un effetto protettivo esercitato, almeno in parte, dagli estrogeni che proteggono la donna soprattutto perch\u00e9 tendono a diminuire i livelli del colesterolo &#8220;cattivo&#8221; (LDL) ed a aumentare quelli del colesterolo &#8220;buono&#8221; (HDL). Dopo la menopausa il rischio cardiovascolare tende ad aumentare rapidamente. Le donne presentano malattie cardiovascolari con un ritardo di almeno 10 anni rispetto agli uomini e hanno complessivamente meno eventi ma di tipo pi\u00f9 grave. Inoltre il quadro clinico non \u00e8 cos\u00ec evidente come quello degli uomini: spesso il dolore \u00e8 assente o \u00e8 localizzato in altra sede e pu\u00f2 essere confuso con quello derivato da altre patologie. Questo \u00e8 uno dei motivi per cui, generalmente, le donne si recano in ospedale pi\u00f9 tardi rispetto agli uomini.<\/p>\n<\/p><\/div>\n<\/p><\/div>\n<p><!-- end .row --><br \/>\n                    <\/section>\n<section>\n<div class=\"panel-group\" id=\"accordion\" role=\"tablist\" aria-multiselectable=\"true\">\n<div class=\"row\">\n<div class=\"col-md-6\">\n                                    <a class=\"collapsed\" data-toggle=\"collapse\" data-parent=\"#accordion\" href=\"#collapseOne\" aria-expanded=\"false\" aria-controls=\"collapseOne\"><img class=\"image-responsive img-rounded\" src=\"img\/work3.jpg\"><\/a><\/p>\n<h2 class=\"featurette-heading\"><a class=\"collapsed\" data-toggle=\"collapse\" data-parent=\"#accordion\" href=\"#collapseOne\" aria-expanded=\"false\" aria-controls=\"collapseOne\">Quali sono le differenze tra il cuore delle donne e quello degli uomini?<\/a><\/h2>\n<div id=\"collapseOne\" class=\"panel-collapse collapse\" role=\"tabpanel\" aria-labelledby=\"headingOne\">\n<div class=\"panel-body\">\n<p class=\"lead\">Per quanto riguarda le malattie cardiovascolari, \u00e8 ormai assodato che donne e uomini differiscono per sintomi, presentazione clinica, diagnosi, prognosi e terapia. Le arterie coronariche del cuore femminile entrano in spasmo pi\u00f9 facilmente di quelle degli uomini, una donna che provi uno shock emozionale particolarmente intenso ha maggiori probabilit\u00e0, rispetto agli uomini, di sviluppare nell&#8217;arco di uno o due giorni un attacco cardiaco. Tipicamente la patologia coronarica si presenta pi\u00f9 tardivamente rispetto agli uomini. Alcuni fattori di rischio hanno un impatto differente, come ad esempio la sindrome metabolica, l\u2019ipertensione, il fumo, il diabete.<br \/>I sintomi dell\u2019infarto spesso sono differenti e a volte sottovalutati. A causa di ci\u00f2, sovente , le donne arrivano pi\u00f9 tardi degli uomini in ospedale, con esiti spesso pi\u00f9 gravi. Inoltre hanno una maggiore frequenza di complicanze e la mortalit\u00e0 intraospedaliera dopo infarto del miocardio \u00e8 pi\u00f9 elevata. <\/p>\n<\/p><\/div>\n<p> <!-- end .panel-body -->\n                                <\/div>\n<\/p><\/div>\n<div class=\"col-md-6\">\n<p>                                    <a class=\"collapsed\" data-toggle=\"collapse\" data-parent=\"#accordion\" href=\"#collapseTre\" aria-expanded=\"false\" aria-controls=\"collapseTre\"><br \/>\n                                    <img class=\"image-responsive img-rounded\" src=\"img\/work5.jpg\"><\/a><\/p>\n<h2 class=\"featurette-heading\"><a class=\"collapsed\" data-toggle=\"collapse\" data-parent=\"#accordion\" href=\"#collapseTre\" aria-expanded=\"false\" aria-controls=\"collapseTre\">Cosa posso fare per ridurre il mio rischio?<\/a><\/h2>\n<div id=\"collapseTre\" class=\"panel-collapse collapse\" role=\"tabpanel\" aria-labelledby=\"headingTre\">\n<div class=\"panel-body\">\n<p class=\"lead\">\n                                      Ricorda che le malattie cardiovascolari sono fondamentalmente prevenibili.<br \/>\n                                        L\u2019OMS stima che una riduzione anche modesta ma simultanea della pressione arteriosa, dei livelli di colesterolo nel sangue, dell\u2019obesit\u00e0 e del fumo potrebbe ridurre di pi\u00f9 del 50% l\u2019incidenza delle malattie cardiovascolari. Scopri di pi\u00f9 nella sezione I consigli degli esperti: ama il tuo cuore.<\/p>\n<\/p><\/div>\n<\/p><\/div>\n<\/p><\/div>\n<\/p><\/div>\n<\/p><\/div>\n<\/section>\n<\/article>\n","protected":false},"excerpt":{"rendered":"<p>La menopausa \u00e8 uno spartiacque nella vita della donna che segna importanti cambiamenti biologici. Fino alla menopausa le donne sono aiutate dalla protezione ormonale &#8211; un effetto protettivo esercitato, almeno in parte, dagli estrogeni che proteggono la donna soprattutto perch\u00e9 tendono a diminuire i livelli del colesterolo &#8220;cattivo&#8221; (LDL) ed a aumentare quelli del colesterolo<\/p>\n","protected":false},"author":2,"featured_media":0,"parent":78,"menu_order":0,"comment_status":"closed","ping_status":"closed","template":"","meta":[],"_links":{"self":[{"href":"https:\/\/test.cristianomichelangeli.com\/vivi2019\/wp-json\/wp\/v2\/pages\/189"}],"collection":[{"href":"https:\/\/test.cristianomichelangeli.com\/vivi2019\/wp-json\/wp\/v2\/pages"}],"about":[{"href":"https:\/\/test.cristianomichelangeli.com\/vivi2019\/wp-json\/wp\/v2\/types\/page"}],"author":[{"embeddable":true,"href":"https:\/\/test.cristianomichelangeli.com\/vivi2019\/wp-json\/wp\/v2\/users\/2"}],"replies":[{"embeddable":true,"href":"https:\/\/test.cristianomichelangeli.com\/vivi2019\/wp-json\/wp\/v2\/comments?post=189"}],"version-history":[{"count":5,"href":"https:\/\/test.cristianomichelangeli.com\/vivi2019\/wp-json\/wp\/v2\/pages\/189\/revisions"}],"predecessor-version":[{"id":3240,"href":"https:\/\/test.cristianomichelangeli.com\/vivi2019\/wp-json\/wp\/v2\/pages\/189\/revisions\/3240"}],"up":[{"embeddable":true,"href":"https:\/\/test.cristianomichelangeli.com\/vivi2019\/wp-json\/wp\/v2\/pages\/78"}],"wp:attachment":[{"href":"https:\/\/test.cristianomichelangeli.com\/vivi2019\/wp-json\/wp\/v2\/media?parent=189"}],"curies":[{"name":"wp","href":"https:\/\/api.w.org\/{rel}","templated":true}]}}