{"id":6886,"date":"2023-07-10T01:30:35","date_gmt":"2023-07-10T01:30:35","guid":{"rendered":"https:\/\/test.cristianomichelangeli.com\/cantus\/?post_type=dt_portfolio&#038;p=6886"},"modified":"2023-07-10T01:30:35","modified_gmt":"2023-07-10T01:30:35","slug":"il-canto-fratto-in-umbria","status":"publish","type":"dt_portfolio","link":"https:\/\/test.cristianomichelangeli.com\/cantus\/project\/il-canto-fratto-in-umbria\/","title":{"rendered":"Il Canto Fratto in Umbria"},"content":{"rendered":"<p>Fra i progetti che l\u2019Associazione San Michele Arcangelo sta da anni portando avanti vi \u00e8 la riscoperta del repertorio del\u00a0<strong>Canto Fratto<\/strong>: si tratta di un repertorio liturgico in latino, che venne utilizzato contemporaneamente al\u00a0Gregoriano e alla Polifonia dalla fine del XIII secolo alla fine del XIX secolo.<br \/>\nPer sommi termini, il canto fratto si differenzia dal Gregoriano poich\u00e9 le note che lo compongono hanno durate proporzionali le une rispetto alle altre (come nella polifonia e nella musica moderna); si distingue per\u00f2 dalla polifonia, perch\u00e9 \u00e8 monodico (a una sola voce) oppure si muove per voci parallele.<br \/>\nQuesto repertorio \u00e8 stato utilizzato soprattutto nelle chiese minori, e in primo luogo dai musicisti degli ordini\u00a0<strong>Francescano\u00a0<\/strong>e\u00a0<strong>Domenicano<\/strong>.<br \/>\nFra i passi che l\u2019Associazione San Michele Arcangelo ha gi\u00e0 compiuto per la riscoperta del Canto Fratto, vi \u00e8 stata una nuova schedatura del fondo dei manoscritti liturgici della biblioteca dalla Porziuncola e la loro fotoriproduzione per il progetto ministeriale\u00a0<strong>RAPHAEL\u00a0<\/strong>per la riscoperta del Canto Fratto, del quale Fabrizio Mastroianni \u00e8 stato il referente per l\u2019Umbria; la presentazione di ricerche su alcuni dei manoscritti della Porziuncola ai convegni di Arezzo (dicembre 2003 &#8211; con esecuzione di alcuni brani), Lecce 2006 (di nuovo con esecuzione di alcuni brani), e Radda in Chianti 2007 (il 7 ottobre 2007); l\u2019organizzazione di corsi sul canto fratto; la trascrizione di brani dei suddetti manoscritti; il loro inserimento nei programmi dei concerti dei nostri cori.<br \/>\nAlle nostre iniziative hanno partecipato\u00a0<strong>Giacomo Baroffio, Fabrizio Mastroianni e Maurizio Verde<\/strong>\u00a0dell\u2019associazione San Michele Arcangelo; il Maestro\u00a0<strong>Michele Manganelli<\/strong>, uno dei principali scopritori e divulgatori di fonti di canto fratto ( promotore del sito\u00a0<a href=\"https:\/\/www.cantofratto.net\/\">https:\/\/www.cantofratto.net<\/a><a href=\"https:\/\/www.cantofratto.net\/\">\u00a0<\/a>) e il Prof.\u00a0<strong>Marco Gozzi<\/strong>, responsabile nazionale del progetto\u00a0<strong>RAPHAEL\u00a0<\/strong>( diffuso attraverso il sito\u00a0<a href=\"https:\/\/www.cantusfractus.org\/\">https:\/\/www.cantusfractus.org<\/a>\u00a0); entrambi sono intervenuti a pi\u00f9 riprese a corsi e conferenze tenuti a Stroncone e Terni.<\/p>\n<p>Il passo seguente nella divulgazione di questo repertorio dovr\u00e0 essere la pubblicazione nel corso dei prossimi anni delle fonti umbre pi\u00f9 significative, per le quali stiamo cercando sponsor e acquirenti per l\u2019intera collana.<\/p>\n","protected":false},"excerpt":{"rendered":"<p>Fra i progetti che l\u2019Associazione San Michele Arcangelo sta da anni portando avanti vi \u00e8 la riscoperta del repertorio del\u00a0Canto Fratto: si tratta di un repertorio liturgico in latino, che venne utilizzato contemporaneamente al\u00a0Gregoriano e alla Polifonia dalla fine del XIII secolo alla fine del XIX secolo. Per sommi termini, il canto fratto si differenzia&hellip;<\/p>\n","protected":false},"author":1,"featured_media":6887,"comment_status":"open","ping_status":"closed","template":"","dt_portfolio_category":[],"dt_portfolio_tags":[],"class_list":["post-6886","dt_portfolio","type-dt_portfolio","status-publish","has-post-thumbnail","hentry","description-off"],"_links":{"self":[{"href":"https:\/\/test.cristianomichelangeli.com\/cantus\/wp-json\/wp\/v2\/dt_portfolio\/6886","targetHints":{"allow":["GET"]}}],"collection":[{"href":"https:\/\/test.cristianomichelangeli.com\/cantus\/wp-json\/wp\/v2\/dt_portfolio"}],"about":[{"href":"https:\/\/test.cristianomichelangeli.com\/cantus\/wp-json\/wp\/v2\/types\/dt_portfolio"}],"author":[{"embeddable":true,"href":"https:\/\/test.cristianomichelangeli.com\/cantus\/wp-json\/wp\/v2\/users\/1"}],"replies":[{"embeddable":true,"href":"https:\/\/test.cristianomichelangeli.com\/cantus\/wp-json\/wp\/v2\/comments?post=6886"}],"version-history":[{"count":1,"href":"https:\/\/test.cristianomichelangeli.com\/cantus\/wp-json\/wp\/v2\/dt_portfolio\/6886\/revisions"}],"predecessor-version":[{"id":6888,"href":"https:\/\/test.cristianomichelangeli.com\/cantus\/wp-json\/wp\/v2\/dt_portfolio\/6886\/revisions\/6888"}],"wp:featuredmedia":[{"embeddable":true,"href":"https:\/\/test.cristianomichelangeli.com\/cantus\/wp-json\/wp\/v2\/media\/6887"}],"wp:attachment":[{"href":"https:\/\/test.cristianomichelangeli.com\/cantus\/wp-json\/wp\/v2\/media?parent=6886"}],"wp:term":[{"taxonomy":"dt_portfolio_category","embeddable":true,"href":"https:\/\/test.cristianomichelangeli.com\/cantus\/wp-json\/wp\/v2\/dt_portfolio_category?post=6886"},{"taxonomy":"dt_portfolio_tags","embeddable":true,"href":"https:\/\/test.cristianomichelangeli.com\/cantus\/wp-json\/wp\/v2\/dt_portfolio_tags?post=6886"}],"curies":[{"name":"wp","href":"https:\/\/api.w.org\/{rel}","templated":true}]}}

<p>Fra i progetti che l’Associazione San Michele Arcangelo sta da anni portando avanti vi è la riscoperta del repertorio del <strong>Canto Fratto</strong>: si tratta di un repertorio liturgico in latino, che venne utilizzato contemporaneamente al Gregoriano e alla Polifonia dalla fine del XIII secolo alla fine del XIX secolo.<br />
Per sommi termini, il canto fratto si differenzia dal Gregoriano poiché le note che lo compongono hanno durate proporzionali le une rispetto alle altre (come nella polifonia e nella musica moderna); si distingue però dalla polifonia, perché è monodico (a una sola voce) oppure si muove per voci parallele.<br />
Questo repertorio è stato utilizzato soprattutto nelle chiese minori, e in primo luogo dai musicisti degli ordini <strong>Francescano </strong>e <strong>Domenicano</strong>.<br />
Fra i passi che l’Associazione San Michele Arcangelo ha già compiuto per la riscoperta del Canto Fratto, vi è stata una nuova schedatura del fondo dei manoscritti liturgici della biblioteca dalla Porziuncola e la loro fotoriproduzione per il progetto ministeriale <strong>RAPHAEL </strong>per la riscoperta del Canto Fratto, del quale Fabrizio Mastroianni è stato il referente per l’Umbria; la presentazione di ricerche su alcuni dei manoscritti della Porziuncola ai convegni di Arezzo (dicembre 2003 &#8211; con esecuzione di alcuni brani), Lecce 2006 (di nuovo con esecuzione di alcuni brani), e Radda in Chianti 2007 (il 7 ottobre 2007); l’organizzazione di corsi sul canto fratto; la trascrizione di brani dei suddetti manoscritti; il loro inserimento nei programmi dei concerti dei nostri cori.<br />
Alle nostre iniziative hanno partecipato <strong>Giacomo Baroffio, Fabrizio Mastroianni e Maurizio Verde</strong> dell’associazione San Michele Arcangelo; il Maestro <strong>Michele Manganelli</strong>, uno dei principali scopritori e divulgatori di fonti di canto fratto ( promotore del sito <a href="https://www.cantofratto.net/">https://www.cantofratto.net</a><a href="https://www.cantofratto.net/"> </a>) e il Prof. <strong>Marco Gozzi</strong>, responsabile nazionale del progetto <strong>RAPHAEL </strong>( diffuso attraverso il sito <a href="https://www.cantusfractus.org/">https://www.cantusfractus.org</a> ); entrambi sono intervenuti a più riprese a corsi e conferenze tenuti a Stroncone e Terni.</p>
<p>Il passo seguente nella divulgazione di questo repertorio dovrà essere la pubblicazione nel corso dei prossimi anni delle fonti umbre più significative, per le quali stiamo cercando sponsor e acquirenti per l’intera collana.</p>

<p>Fra i progetti che l’Associazione San Michele Arcangelo sta da anni portando avanti vi è la riscoperta del repertorio del Canto Fratto: si tratta di un repertorio liturgico in latino, che venne utilizzato contemporaneamente al Gregoriano e alla Polifonia dalla fine del XIII secolo alla fine del XIX secolo. Per sommi termini, il canto fratto si differenzia&hellip;</p>
